. What is the greatest common factor of 6 and p?
6
Let v = 104771 - 104537. Let q(k) = 10*k - 4. Let z be q(4). What is the greatest common divisor of z and v?
18
Let v = 44308 + -44305. Let t(y) = 2*y**2 - y + 3. Suppose 5 = -5*o - 10. Let q be t(o). Calculate the greatest common factor of v and q.
3
Let y(l) = l**2 + 7. Let c be y(-6). Let k(x) = -x**2 - 1318*x - 33248. Let g be k(-26). What is the greatest common factor of c and g?
43
Suppose 0 = -2*k - 95*r + 90*r + 710, -3*k = -4*r - 1088. Calculate the highest common divisor of 1512 and k.
72
Let q(m) = 5*m + 33. Let x be q(-6). Suppose 5*l - x*w = 637, w + 3*w - 4 = 0. Suppose 0 = -4*p + 81 - 17. Calculate the greatest common divisor of p and l.
16
Let s = -501691 - -501767. Let c be 8/(4/2) - 2. Let f be c + -2 + (39 - 1). What is the highest common divisor of f and s?
38
Let g(x) = 8*x - 1. Let p be g(1). Suppose -3*w = 3*h - 972, -10*w = -11*w - 5. What is the greatest common divisor of h and p?
7
Let m be (-1)/4 + -1*206/8. Let c = 74 + m. What is the highest common divisor of c and 624?
48
Suppose 16 = 32*b - 30*b. Suppose 0 = 2*k - 6 - 4. Suppose -k*s - 3*p = -206, 5*p = -4*s + 172 - 2. Calculate the greatest common divisor of b and s.
8
Let t(j) = 22 - 8335*j**2 + 8347*j**2 + 13 - j. Let x be t(-7). Suppose -6*u - x = -13*u. Calculate the highest common divisor of 5 and u.
5
Let p(j) = -11*j**3 + j**2 + 2*j - 10. Suppose -9*d - 9 = 27. Let o be p(d). What is the greatest common divisor of o and 54?
54
Let j(v) = -24*v + 1. Let f be j(-1). Let m = 136 + -133. Let a be (-7)/(-21) - (m + 249/(-9)). Calculate the highest common factor of f and a.
25
Let i be 8/(-12)*(-15)/(-2). Let m(y) = y**2 - y + 1. Let d be m(i). Suppose -d = -4*u + 5. Calculate the greatest common divisor of u and 3.
3
Suppose -59*z = -65*z + 270. Let m be 392/(-112)*120/(-7). What is the greatest common divisor of m and z?
15
Suppose -1190*r + 1187*r + 50 = 4*l, 10 = 3*r - 4*l. What is the greatest common factor of 626 and r?
2
Suppose 7*c = 3*c + 76. Let h be (-68)/((-2788)/205) + 66/2. Calculate the greatest common divisor of h and c.
19
Suppose -2*r + 76 = -144. Let c(i) = -7*i**2 - 4 - 90*i + r*i + 0 + i**3. Let v be c(3). Calculate the highest common factor of v and 15.
5
Let h(n) = -n**3 + 36*n**2 + 76*n + 21. Let j be h(38). Suppose j*k - 10*k = 330. Calculate the greatest common factor of k and 45.
15
Suppose -i + 95 = 7*y - 5*y, -4*i - 115 = -3*y. Calculate the greatest common divisor of y and 2460.
15
Suppose -20*i = -16*i - 40*i + 3240. What is the greatest common divisor of i and 9270?
90
Let i(a) = -11*a + 47. Let c be i(-4). What is the greatest common factor of 1911 and c?
91
Let i = -149 + 147. Let g be (-28)/i - (-15 + 15). Calculate the greatest common divisor of g and 49.
7
Suppose 23*z - 522311 + 122237 = 2*w, z = -5*w + 17364. What is the greatest common divisor of 312 and z?
78
Let b(c) = 2*c**3 + 30*c**2 - 36*c + 16. Let l be b(-16). Suppose l*n + 845 = 93*n. Let s be 1/(-4) + (-21)/(-4). What is the greatest common factor of n and s?
5
Suppose 0 = 83*y - 151944 - 708600. Calculate the greatest common divisor of 192 and y.
192
Let w(u) = -u**2 - 14*u + 640. Let y be w(17). Calculate the highest common factor of 12091 and y.
113
Let d = 11497 + -11480. Calculate the greatest common factor of d and 629.
17
Suppose -44*y = -21*y - 138. What is the greatest common factor of y and 454?
2
Let k(p) = 39*p + 1224. Let y be k(-27). Calculate the greatest common divisor of 912 and y.
57
Let q = 8438 - 3704. What is the greatest common divisor of q and 36?
18
Suppose 2*h = h + 6. Suppose 180 = -156*r + 165*r. Let q(f) = -f**2 + 18*f + 42. Let z be q(r). What is the highest common divisor of z and h?
2
Suppose -2*z + 11267 - 2177 = -5*v, 5*z + 2*v - 22812 = 0. What is the highest common divisor of 135 and z?
15
Let k = -302 - -2999. Calculate the greatest common divisor of k and 87.
87
Suppose -4*o = -0*o - 8, 0 = 4*x - 5*o + 10. Suppose -6*w - 17*w + 713 = x. Calculate the highest common factor of 155 and w.
31
Let k(n) = -n**2 - 2*n + 11. Let t be k(-4). Suppose -q - t + 4 = 0. Suppose 0 = -f - 3*o + 55, -2*o - q = -5. What is the greatest common divisor of f and 7?
7
Suppose v = 2*v - 5. Suppose v*q = 3*q + 230. Let b(c) = -c + 9. Let k be b(-14). What is the greatest common factor of k and q?
23
Suppose 8 = -2*z, 0 = -t - 0*t - 2*z - 15. Let l be -4*t/(-14) + 1*38. Let u be (25/(-4))/((-9)/l). What is the highest common divisor of 25 and u?
25
Let p be (-2 + 0 - -23) + -2. Let v be (-2)/(22/(-453)) - (-4)/(-22). Let c = v - 3. What is the highest common divisor of p and c?
19
Let j = 32 + -30. Suppose -j*m + 238 = -0*m. Suppose -m + 356 = 3*c - 3*o, c - 4*o - 91 = 0. Calculate the greatest common factor of c and 15.
15
Let y be (1 - 4/(-8))*(-12 + 180312/18). Calculate the highest common factor of y and 21.
7
Let f be (-515140)/(-160) + 9/24 + -5. What is the greatest common divisor of f and 10?
5
Let v(y) = -252*y - 2657. Let j be v(-11). What is the greatest common factor of 320 and j?
5
Let y = 12203 + -10775. What is the greatest common factor of y and 1092?
84
Suppose -6*n + 6 = -12. Suppose 4*c - 11 + n = 0. Suppose 2*z - c*b = -2*z + 704, -z + 3*b = -181. Calculate the greatest common divisor of 35 and z.
35
Suppose 5*s - 43 = -i, 0*s - 425 = -7*i - 4*s. What is the highest common divisor of 1629 and i?
9
Let j(b) = -b**3 + 7*b**2 - 5*b + 6. Let y be j(5). Let q = -3850 - -4191. What is the highest common factor of q and y?
31
Suppose 206*m = 74*m + 4620. Calculate the greatest common factor of m and 6965.
35
Let y(x) = 3*x**2 + 2*x + 1. Let d = 23 - 26. Let k be y(d). Let l be 1 + 174 + (-5)/(-5). Calculate the greatest common factor of k and l.
22
Suppose -41*o + 32*o + 315 = 0. Suppose -4*a = -3*b - 3*a + 28, -4*b - a + o = 0. What is the highest common divisor of 1 and b?
1
Let p(c) = -8*c - 265. Let q(y) = -2*y + 3. Let s(j) = p(j) + 4*q(j). Let x be s(-16). Suppose -3*v + 12 = -v. Calculate the highest common factor of x and v.
3
Suppose -3 = 3*n, 0 = -2*g + 20*n - 22*n + 446. Calculate the highest common divisor of 126 and g.
14
Suppose 0 = 25*i - 3843 + 943. Calculate the highest common factor of 1943 and i.
29
Let y(p) = 13 - 275*p + 285*p - 23 - 25. Let k be y(4). Let d be k/(-10)*10 + 15. Calculate the highest common factor of d and 40.
10
Suppose -16*j + 13*j + 15 = 0, -5*p = -2*j - 150. Let h be 579/6 - (-2)/(-4). What is the highest common factor of p and h?
32
Suppose 6 = -r + 12. Suppose 285*s + 72 = 288*s. What is the greatest common divisor of s and r?
6
Suppose 2*h + 6*h - 1049 = -x, 5*x + 4*h = 5353. Calculate the greatest common divisor of 74 and x.
37
Let y be (5/(-2) - -1)*-24. Let k = 187 - 97. What is the greatest common divisor of k and y?
18
Let z be 6/11 + ((-37222)/(-407) - 32). What is the highest common factor of z and 1860?
60
Suppose 5*o = -0*o + 15. Let g be -10 + (-7733)/(-627)*(1 - -2). What is the highest common divisor of g and o?
3
Suppose -12 = 3*l, -o + 3*o - 24 = 4*l. Let g(m) = 3*m + 2. Let p be g(o). Calculate the highest common factor of p and 238.
14
Let g be ((-66)/40 - (-18)/(-30))*72. Let v = g - -182. Calculate the highest common factor of v and 160.
20
Let z(m) = 1 - 19 + 208*m - 205*m. Let b be z(8). Suppose 4*v + 8 = 8*v. Calculate the greatest common divisor of v and b.
2
Suppose 5*v - l = 2730, -v - 4*l = l - 546. Let i be v/(0 + -2 + 3). Suppose 0 = 13*f - 6*f - i. What is the highest common divisor of f and 39?
39
Suppose 3*o + x = -o + 18, -4*o = -2*x - 12. Suppose 5*c - 2*g - 518 = 0, -2*g - 325 = -3*c - 23. What is the greatest common factor of o and c?
4
Suppose 20*g + 7*g + 75108 = 76890. Let a(c) = 461*c**3 + 2*c**2 - 2*c + 1. Let o be a(1). What is the greatest common divisor of o and g?
66
Let x(z) = -z**3 - 13*z**2 + 30*z - 8. Let q be x(-15). Let i(g) = 5*g + 73. Let c be i(q). Calculate the greatest common factor of c and 132.
33
Let p(u) = -2*u**2 - 8*u + 1550. Let y be p(-27). Calculate the greatest common divisor of 13244 and y.
308
Suppose 1267 = -12*f - 761. Let g = 183 + f. What is the greatest common factor of g and 154?
14
Let c = -21 - -26. Let u be ((-12)/9)/(c/30)*2. Let x = 33 - u. What is the greatest com